)).
-4
Calculate 3 + (-5 - -2) - -1.
1
Evaluate (2 - (-1 + -1)) + (3 - 5).
2
What is (-78 - -84) + -2 + (3 - 1)?
6
Calculate -1 + -5 + 7 + -2.
-1
Evaluate 3 + (-1 - -4 - 6) + 3.
3
Evaluate (0 - -6 - 0 - 4) + -3.
-1
(13 - (12 + 6)) + 8
3
-6 - (-6 + 2) - 0
-2
Calculate 11 + (-5 - (-6 - -13)).
-1
What is the value of 5 + (-8 - (3 - 4))?
-2
Evaluate 4 + (1 - (10 + -3)) + 7.
5
What is 7 + -1 - (42 + -34)?
-2
What is -11 + (-11 - -2 - -19)?
-1
What is the value of 1 - (1 + -5 + 5)?
0
What is -13 - (9 - 6 - 6)?
-10
4 - ((7 - 7) + 2)
2
Calculate -3 - (0 + -11) - (1 + 3).
4
2 - (-3 + (-2 - -5))
2
Calculate 3 + 9 + -14 + 6.
4
Calculate -3 - (6 - 10) - (2 - -2).
-3
-2 - (36 + -33 + (-1 - 6))
2
20 - (18 + -1 + -4)
7
(-9 - -1) + -1 + 31 + -27
-5
Calculate -8 - (-4 - (4 + -6)).
-6
-14 + 11 - 1 - (1 + -7)
2
Evaluate (0 - -3) + (-13 - -10).
0
Calculate (-4 - -6 - -2) + -2.
2
(-4 + 14 - (1 - 0)) + -4
5
What is 2 + (-4 - -6) + (0 - 4)?
0
Evaluate (5 - 5) + 3 + 2.
5
What is the value of (0 - -5) + 25 + -22?
8
What is the value of 2 - (-2 + (-7 - -9)) - 1?
1
-4 + (4 - -2 - 2)
0
7 - (-6 + 2 + 2 + 6)
3
Evaluate 2 - (6 - (-1 + 2)).
-3
What is 3 - (7 - ((4 - -3) + 2))?
5
What is -8 - (10 - (-12 + 28))?
-2
What is -1 + (-2 - -3) + -6 - -2?
-4
Calculate -8 - (0 - -1 - (-7 - -7)).
-9
What is the value of -4 + -1 + (10 - 8) - -2?
-1
Evaluate 2 + (-7 - -11) + -13 + -1.
-8
Calculate -4 + (0 + 1 - -2) + -2.
-3
What is -5 + 6 + 0 - (-7 + 2)?
6
2 - ((-7 - -4) + 6) - -2
1
What is 1 - (-3 - (4 - 8)) - -2?
2
(-1 + 5 - 8) + (-4 - -9)
1
7 + -10 - (3 - (8 + -3))
-1
What is the value of -5 - (7 + -11 + -1)?
0
What is the value of -11 - -1 - (-80 - -77)?
-7
7 + -8 + 12 + -15
-4
Calculate 1 + (-7 - -12 - (-1 + 4)).
3
Calculate -2 + 2 - (0 + 3 + -2).
-1
7 + -4 + -6 + 4 + -2
-1
-4 + (-1 - -4) + -3 - 1
-5
What is the value of -7 - (7 + -2 + -10)?
-2
Evaluate 0 + 1 - (-178 - -187).
-8
What is 77 + -83 - ((2 - 0) + -3)?
-5
What is -1 - (0 + (-1 - -4) - -1)?
-5
-22 + 18 - (0 + 1 + -2)
-3
What is -5 + 1 + (81 - 74)?
3
Calculate -10 + (1 + -11 - -16).
-4
(-1 - -5) + (-34 - -25)
-5
Calculate 0 - (4 + -1 - (5 - 3)).
-1
Evaluate 6 - ((1 - 3) + -1 - -5).
4
Calculate 10 + -1 + (-10 - -8).
7
What is the value of -2 + 1 - 4 - (6 + -8)?
-3
What is the value of (8 + -4 - 5) + -4?
-5
-9 + (0 + 1 - -3)
-5
Calculate -1 - (-10 + 7 + -2 - -4).
0
-4 - (10 + -8) - -7
1
1 - (7 + -1) - (-1 - 4)
0
Calculate -9 + 3 - -4 - -1.
-1
What is the value of (-9 - -5) + 3 + 4?
3
0 + 2 + (0 - -1 - 1)
2
4 - (13 + -4) - (0 - 3)
-2
What is (1 - 0) + (38 - 42)?
-3
Evaluate 4 + (4 - 9) + 7.
6
What is the value of (1 + -2 - -3) + 0 - 7?
-5
What is 4 - (7 + (4 - 6) - 1)?
0
Evaluate (-13 + 5 + 2 - -3) + 5.
2
1 + -5 + (20 - 9)
7
What is the value of (-12 - (8 + (-7 - 6))) + 13?
6
Evaluate -5 + 8 + -2 - 10.
-9
What is 4 - (9 - (4 + -5))?
-6
Calculate -8 - -6 - (-3 - 0).
1
What is the value of -3 + (-2 - -6) + -2?
-1
What is the value of 148 + -142 - (0 - -11)?
-5
Evaluate 17 + -14 + (-3 - 1) + 6.
5
What is the value of -4 - (-2 - 2 - (-5 + 10))?
5
Calculate 4 + (0 - 5) - -1.
0
Evaluate -5 + 3 - ((-7 - -2) + 2).
1
Calculate 4 - (9 + -4 - 3).
2
-1 + 2 + -24 + 26
3
-9 - (12 + -9 + -9)
-3
What is 7 + (4 + -3 - -1) + -3?
6
What is the value of 27 - 21 - (-2 + 6 + -1)?
3
Evaluate -1 + (-4 - 3) - -5.
-3
Evaluate 9 - (3 + -2) - 8.
0
2 - (8 - 0) - -10
4
What is the value of -3 - -2 - (1 - -1)?
-3
What is the value of (-4 - -2) + 27 + -24 - -6?
7
What is 2 + -6 - (24 + -25)?
-3
What is the value of 0 - (-2 + 1 + -5 + 4)?
2
What is the value of 0 + -3 + 6 + 1 + -3?
1
Calculate -1 - (5 + (-2 - 0)).
-4
6 - (-6 + (4 - (7 - 6)))
9
Evaluate -4 + (4 - (-2 + -1 + 10)).
-7
What is the value of (5 - 2) + 6 + -7 + 3?
5
What is -7 + 8 + -1 + 0 + 2?
2
(7 - 9) + (-2 - 0)
-4
What is the value of -21 + 10 + 21 - (4 - -3)?
3
(-2 - 3) + (15 - 15)
-5
Evaluate -5 + (-12 - (5 - 13)).
-9
Evaluate -2 + 0 + (-10 - -14) - 0.
2
Calculate 0 - (-5 + 0 + 7).
-2
What is -5 + 10 + (-8 - -2)?
-1
6 + (-3 - (-2 - -2)) + -1
2
What is the value of 3 + -2 + 3 - 8?
-4
(1 + 1 - (1 + 1)) + 3
3
Evaluate -14 + 4 + -2 + 11.
-1
Calculate 11 + (0 - (-4 - -7)) + -1.
7
Calculate 4 + -3 + 1 - -1.
3
What is the value of 3 + 4 - (16 - 3) - -7?
1
Calculate -1 + 1 + (-13 - -14 - 6).
-5
Calculate (-2 - (-9 + 4)) + 1 + 1.
5
What is 5 - (2 - (3 + -9))?
-3
What is the value of -2 - -1 - (3 + 1 + -2)?
-3
What is 7 - (8 + (-2 - 5))?
6
What is -3 - ((4 - (-3 + 4)) + -5)?
-1
What is the value of 0 + 18 + -20 + 10?
8
What is (2 - 2) + -4 + (-298 - -304)?
2
Evaluate 6 - (3 - (5 - 5)).
3
5 + (0 - (-2 + 2)) + -1
4
Evaluate (-5 - -1) + (-26 - -25).
-5
Evaluate -1 + 0 - 1 - (64 + -63).
-3
What is the value of -1 + (-3 - 0) + 8 - 4?
0
Calculate 0 + 2 + 0 + 3 + -8.
-3
4 + -2 + 0 - (4 - -4)
-6
Calculate (-7 - (-2 - (11 + -6))) + -4.
-4
Calculate 0 - (6 + -6 + 4 + -3).
-1
Calculate 9 - (-6 - -7 - -6).
2
What is (4 - 7) + -11 + 16?
2
What is the value of -3 - -2 - 3 - -1?
-3
Calculate 6 + 3 + -4 - -1.
6
Calculate 3 - (-3 + (8 - 3)).
1
Calculate (2 - -2 - -1) + 1.
6
What is the value of 3 - (5 + -2 + 2)?
-2
-5 + 0 + -2 + 3 - 1
-5
Evaluate (-19 - -18) + 1 + 4 + -1.
3
What is 1 + (0 - (1 - 2))?
2
Calculate 5 + (-1 - 2 - (4 - 6)).
4
What is 0 + (1 - (3 - 1)) - 4?
-5
(0 - -8) + -12 + 9
5
What is -3 + 7 + (12 - 14)?
2
What is 10 + -9 - (3 - 2)?
0
12 + -3 + (-13 - -4)
0
Evaluate -5 + -5 + 3 + -1 - -3.
-5
-1 + 2 + (11 - 9)
3
4 + (5 - (-2 + 7))
4
5 - (2 + 4 + -2)
1
Calculate 6 - (2 + 4 + 2 + -8).
6
Evaluate (-5 - (2 - 11)) + 1.
5
What is the value of (-6 - (2 + -6)) + 0?
-2
-6 + 9 + -14 + 8
-3
What is the value of -5 + 8 + -2 + -6?
-5
What is the value of -1 - 0 - 0 - (-24 - -28)?
-5
Evaluate (-1 - -4 - 2) + -6.
-5
-3 + 3 + (1 - -2 - 7)
-4
What is -3 - 3 - -12 - (6 + -1)?
1
What is the value of 2 - 7 - 0 - -7?
2
What is the value of (19 - 18) + (-2 - (-4 + 2))?
1
What is the value of 2 - (-1 - -1) - (7 + -5)?
0
Evaluate -3 + 3 + 6 - 3.
3
1 - 4 - (-30 + 25)
2
What is -6 - -1 - -7 - (3 + -2)?
1
7 - 2 - -1 - (-7 - -7)
6
Calculate (-2 - 1) + (4 - -3) + -6.
-2
(2 - 3 - -4) + (17 - 16)
4
What is (-4 - 1) + (-8 - -13)?
0
What is the value of 4 - ((-5 - (-21 - -3)) + -3)?
-6
What is -1 - (5 + -4 + 4 + -2)?
-4
What is the value of 10 + -11 + 17 + -19?
-3
What is -4 + 8 - 5 - (3 + 1)?
-5
-6 + 2 + 12 - (2 - 0)
6
1 + -3 - (-13 - -15)
-4
Evaluate 13 + 0 + -3 + -6.
4
What is the value of -43 + 25 - (-7 + -6)?
-5
2 + -3 - (1 + 1 + 3)
-6
Evaluate 0 + -10 + (9 - 4).
-5
What is (1 + -6 - (1 + -6)) + 5?
5
Evaluate 11 - 8 - 12 - -6.
-3
What is the value of 1 - (-1 + 8 - (10 + -7))?
-3
Evaluate -3 + -1 + 4 + 1 - 3.
-2
What is the value of 3 + (-3 - -3 - 2)?
1
Calculate 0 - -1 - (-2 - -3 - -4).
-4
What is the value of -1 + 6 + -6 + 2 + -3?
-2
3 + (-4 - (-1 + -2))
2
What is the value of 0 - (2 - (-3 - -4)) - 3?
-4
What is 5 + -3 - (-3 - -4)?
1
What is -3 + 3 + (7 - 3)?
4
Calculate -7 + 13 + (-7 - -1).
0
1 + -10 + (4 - 0)
-5
20 + (-6 - -5) + -10
9
What is the value of 5 + (-10 - (5 - 5) - -5)?
0
(1 + -2 - -4) + 31 + -39
-5
What is 2 + -6 + 7 - 4 - -5?
4
What is 0 + -6 + 8 - 6?
-4
What is 15 + -8 - (6 + 4)?
-3
What is -6 - (2 - (7 + 1))?
0
Calculate (1 - 4) + (0 - (-2 - -1)).
-2
(2 - 2) + 3 + (-1 - 7)
-5
What is -227 + 211 - (-11 + 1)?
-6
What is -12 + 1 - (-161 - -145)?
5
Calculate 1 - -1 - (5 + -3).
0
Calculate 0 + (2 - 2) - (5 + -8).
3
Calculate (4 - 2) + (6 - 3).
5
What is 2 + -5 - -2 - (3 - -1)?
-5
What is 15 - 9 - (7 - -5)?
-6
Calculate 1 + 7 + (0 - 9).
-1
-86 + 84 - (-5 - 1)
4
Evaluate -3 + 2 + 4 + -3.
0
What is the value of 20 + -26 + 5 + (3 - 2)?
0
Calculate (-4 + 2 - -1) + -3 - 1.
-5
What is -4 - 1 - (36 + -42)?
1
What is (0 - 5) + 0 + 7 - 2?
0
What is 4 - (4 + -2 + -2 - 1)?
5
Evaluate (4 - 0) + -1 + 1.
4
Evaluate (-26 - -29) + -4 + 0.
-1
Calculate -6 + 14 + (-18 - 2) + 4.
-8
Evaluate (-3 - (4 + -8 + -8)) + -4.
5
What is the value of (-2 - 6) + (-8 - -16)?
0
Calculate -2 + -1 + (3 - (6 + -5)).
-1
Calculate 3 + (-4 + 8 - 5).
2
Calculate -1 - (5 + -8 + 0).
2
What is the value of (1 - (0 + (-5 - -8))) + -3?
-5
Evaluate -9 + 13 - (-4 - -4 - 6).
10
-9 - (12 + -21 + 7)
-7
29 + -26 - (1 + 0 + 0)
2
(-1 - 5) + (23 - (-9 - -19))
7
What is the value of 20 + -24 - (1 - 0)?
-5
What is the value of -5 - ((2 - 4 - -4) + -3)?
-4
Evaluate (26 - 2